et m(r) be the second derivative of -7*r**2 + 0 - 1/60*r**5 + 0*r**4 - 4/3*r**3 + 22*r. Let j(q) be the first derivative of m(q). Determine j(0).
-8
Suppose 0 = -7*m + 2*a + 81, -1 = -m + 2*a + 14. Let i(n) = n**2 - 12*n + 34. Calculate i(m).
23
Let f(u) = 3*u + 4*u - 4*u - 1. Let j = 146 - 144. Suppose -4*n + 16 = -0*n, -j*l - 4*n = -12. Determine f(l).
-7
Let k(r) = 10*r + 5. Let b = 4865 + -4870. Determine k(b).
-45
Let q = -85 - -119. Let j = q + -28. Let z(m) be the first derivative of m**2/2 + 7*m - 11. What is z(j)?
13
Let f(x) = x**2 - 6*x + 4. Let j(t) = 8*t - 171. Let l be j(21). Let a be l + 4 - (-17 + 11). Give f(a).
11
Let k be 0 - 2 - 0 - -3. Let a be (2/1)/(k + 1). Let i be (a/(-3))/(7/42). Let n(c) = -3*c**3 - 4*c**2 - c + 2. What is n(i)?
12
Suppose -11*m - 490 = -81*m. Let c(f) = 3*f + 1. Let s be c(2). Let v(l) = 18 + l - s - 15. Give v(m).
3
Let n = -232 + 234. Let w(j) = j - 14*j**3 - 17*j**3 + 38*j**3 + n*j**2 - 7*j**3 - 12*j**3. What is w(-1)?
13
Let a(r) = -2*r + 8. Let f be 2*(-7 + 5 + -70). Let v = -136 - f. Calculate a(v).
-8
Let k(i) be the third derivative of -i**6/120 + i**5/15 - 7*i**4/24 + 2*i**3/3 - 84*i**2 + 14. Give k(3).
-8
Let g(r) = -r. Let j be g(-4). Suppose 3*o - 12 = -2*m, -19 - 5 = -j*m - 3*o. Let i(w) = -w**3 - 55*w + 7*w**2 - 57*w + 164*w - 8 - 57*w. Calculate i(m).
-2
Let m(j) = 2*j**3 - 7*j**2 - 11*j - 32. Let p(t) = -t**3 + 5. Let s(n) = m(n) + 3*p(n). Determine s(-7).
60
Let i = -1520 + 1529. Let v(w) = w**3 - 11*w**2 + 14*w + 11. What is v(i)?
-25
Let t(y) be the second derivative of -y**5/6 + y**4/24 + 27*y**2/2 + 17*y. Let r(o) be the first derivative of t(o). Give r(1).
-9
Let w(h) = -h**3 - 3*h**2 - 7*h - 2. Let u(s) = -s**2 - s - 1. Suppose -2 = 2*f - 4. Let b(o) = f*w(o) - 5*u(o). Suppose -7 - 3 = -5*d. What is b(d)?
-1
Let f(o) be the second derivative of o**4/12 + o**3 - 4*o**2 + 5447*o. Suppose -2*c = 2 - 0, 0 = -3*r + 2*c - 16. Give f(r).
-8
Let a(p) = 3*p**2 - p - 1. Let f(q) = -13*q + 17. Let z(d) = -d + 2. Let r(l) = f(l) - 5*z(l). Let i be r(1). Give a(i).
3
Suppose -2*r = -4*i - 28, 5*i + r = -4*r - 5. Let v be (-28)/(-70) + (-1)/i*-2. Let b(n) = n**2 - n - 2. Calculate b(v).
-2
Suppose 5*g - 15 = -5. Suppose 5*n + z - 31 = 0, g*n - 5 - 12 = -5*z. Let t(q) = -77 - n*q + 76 - 21*q**2 + 22*q**2. What is t(5)?
-6
Let l(k) = -k**3 + 11*k**2 - 14*k + 11. Let t be (-13)/(65/(-75)) - (7 + -4 + 3). Give l(t).
47
Let s be (108/(-45))/(3/10). Let h(b) = 261*b - 8*b**2 + 273*b - b**3 - 813*b + 279*b - 7. What is h(s)?
-7
Let c(g) = -8*g**3 + 4*g - 3. Let b(f) = 12*f**3 - 6*f + 5. Let p(q) = -5*b(q) - 8*c(q). Let n = -104114 - -104113. What is p(n)?
-3
Let h(n) = -2*n - 5. Let d(z) be the second derivative of -z**3/3 - 5*z**2/2 - 95*z - 2. Let f be d(-5). Calculate h(f).
-15
Suppose 0 = 188*y - 115*y + 219. Let j(p) = p**3 - p**2 + 2. Calculate j(y).
-34
Suppose -c + 2*a + 8 = 0, -3*c - 3*a - 14 = -5*c. Let p(j) = -j - 2*j + 2*j - c*j. Suppose 3*g = -z + g - 4, 3*g = z - 16. What is p(z)?
-20
Let b(k) be the first derivative of k**7/840 + k**6/60 + k**4/6 - 10*k**3/3 + 2*k - 188. Let p(c) be the third derivative of b(c). Determine p(-6).
4
Let a(i) = -1. Let y(n) be the second derivative of -n**3/3 + 2*n**2 + 5*n + 2. Let h(s) = 5*a(s) - y(s). What is h(7)?
5
Let d(a) be the third derivative of -a**5/120 - a**4/24 - 7*a**3/3 + a**2 + 10. Let j(n) be the first derivative of d(n). What is j(-5)?
4
Let b = 2334 + -2331. Let x(t) be the second derivative of -t**4/24 + 2*t**3/3 - 3*t**2/2 + 5*t. Let r(y) be the first derivative of x(y). Determine r(b).
1
Let t(j) = -j - 10. Suppose 2*k - 203 = 3*h, -4*h + 116 = 5*k - 357. Let n = k - 97. Suppose 6*z = -0*z - n*z. What is t(z)?
-10
Let x(c) be the second derivative of c**6/120 - c**5/60 + c**4/24 - 7*c**3/3 - 11*c - 2. Let b(z) be the second derivative of x(z). What is b(2)?
9
Let b = -6781 - -6785. Let j(u) = u**3 - 3*u + 12. What is j(b)?
64
Let k(t) be the first derivative of t**3/3 - t**2/2 - 11*t - 1241. What is k(-9)?
79
Let k(s) = -s**2 + 8*s + 1. Let n be k(8). Let t(w) be the second derivative of 2*w**3 + w**2/2 + 18*w + 8. Calculate t(n).
13
Let q(g) = -g - 8. Let x(c) be the second derivative of 5*c**4/6 + c**3/6 - 3*c**2/2 + 19*c. Let y be x(-2). Let s = y + -41. Determine q(s).
-2
Let o(m) be the third derivative of m**8/20160 - m**7/5040 - 51*m**5/20 + 126*m**2. Let b(v) be the third derivative of o(v). Calculate b(-4).
20
Let p be 95/(-285) + 32/6 + -12 + 0. Let z(s) = -3*s**2 - 6*s**2 + 8*s + 2*s**2 + s**2 + 2 - s**3. Give z(p).
-5
Let c(q) = -2*q**2 + 2*q + 3. Let w(t) be the first derivative of t**3 - 3*t**2/2 - 4*t - 62. Let z(n) = 7*c(n) + 5*w(n). Calculate z(-3).
13
Let o(s) = 53*s - 14*s - 23*s - s**3 + 19 - 14*s**2. Let a be -6*1*(-50)/(-20). Calculate o(a).
4
Let x be 144/80*(2 + 13/1). Suppose x*k - 15*k - 84 = 0. Let h(j) = -4*j + 4. What is h(k)?
-24
Let y(f) be the second derivative of -f**5/20 - 2*f**4/3 - 3*f**2/2 + 36*f + 20. Determine y(-6).
-75
Let s = -25 + 36. Suppose 0 = -s*i + 9*i + 58. Let g be (-7)/(-21) + i/3. Let h(c) = -c**2 + 11*c - 8. What is h(g)?
2
Let j(n) be the third derivative of 0 + 2/3*n**3 - 75*n**2 - 1/6*n**4 + 1/60*n**5 + 0*n - 1/120*n**6. What is j(3)?
-26
Let m(t) be the third derivative of t**5/30 + 49*t**4/24 + 34*t**3 - 4018*t**2. Give m(-5).
9
Suppose -24*y - 50*y + 141636 = 0. Let i = y + -1914. Let v(a) = 0*a - a**2 + a - a**3 - 7 + 2*a**2. What is v(i)?
-7
Let k = -10 - -4. Let v(g) = 2*g**2 + 2*g + 51. Let j(n) = 13*n**2 + 21*n + 320. Let d(a) = -j(a) + 6*v(a). What is d(k)?
4
Let k(z) = 2*z**2 + 28*z - 39. Let w be k(-16). Let g(j) = 3 - 23*j - w*j + 47*j. Let o = 6 + 0. What is g(o)?
-3
Suppose 3*k + 5*w = -3, -3*k = -4*w + 13 - 37. Let z(i) = 5*i - 533. Let o(t) = t - 97. Let q(u) = -11*o(u) + 2*z(u). Give q(k).
-3
Let x = 600 - 598. Let s(c) = -2*c + 5*c - 4 - x*c + 4*c**2 + c**2 + 13*c**3 - 14*c**3. What is s(5)?
1
Let h(j) = 2*j + 3. Let b(z) = -11 + 7*z + 1 + 7*z - 7*z - 5. Let d(k) = b(k) - 3*h(k). Determine d(10).
-14
Let q(n) be the third derivative of n**9/60480 - n**8/3360 - n**7/560 + n**5/30 + n**3 - n**2 - 138. Let i(g) be the third derivative of q(g). What is i(7)?
-14
Suppose -28*f + 34*f = 12. Let r(x) = -13*x - 11 + 25 + 2*x**f - 13. Give r(6).
-5
Let x(w) be the third derivative of w**4/24 - w**2. Let h(q) = -284*q - 855. Let k be h(-3). Determine x(k).
-3
Let m = -20518 - -20504. Let y(t) = -t**2 - 7*t + 4. Calculate y(m).
-94
Let l(t) = 4*t + 4. Suppose -4*w + 8*w = -o + 889, -4*o = 4*w - 880. Let s = 219 - w. Determine l(s).
-12
Suppose -2*u = 4*j - 16 - 18, -22 = -2*j - 2*u. Let r be (-16)/j - (-3)/(-9). Let y(g) = g + 22*g**2 + 0 - 9*g**2 - 3*g - 1 - 14*g**2. Calculate y(r).
-4
Let p(u) = u**2 - 5*u + 3. Let r(c) = -c**3 - 20*c**2 + 72*c - 49. Let k be r(-23). Let m = k + 122. What is p(m)?
-1
Let k(u) = -u**2 - u + 1. Let h(o) = -o**3 + 25*o**2 + 25*o + 24. Let a be 4 - ((-21 - 1) + 0). Let y be h(a). Give k(y).
-1
Let v be (13 + 212/(-16))/(2/(-24)). Let d(r) be the third derivative of -1/120*r**6 + 0 - 1/3*r**v + 18*r**2 + 0*r + 1/30*r**5 + 5/24*r**4. Determine d(3).
4
Let n(k) = -k + 10. Let f be n(7). Suppose 6*x - 16 = 2. Suppose 5*c = -x*o - 18 + 2, f*o - 34 = 5*c. Let b(q) = -3*q - 2. Calculate b(c).
13
Suppose -160 = 2*v - 2*i + 4*i, -420 = 5*v + i. Let c be (-46)/9 - (-2 - v/45). Let u(t) = t**3 + 3*t**2 - 4*t + 7. Determine u(c).
-23
Let j = -5904 + 5906. Let v(p) = -21*p + 31. Determine v(j).
-11
Let p(t) = -t**3 + 2*t**2 + 4*t + 2. Let a(f) = 53 + 51 + 51 + f**3 + f**2 - 153 - f. Let z(n) = -2*a(n) - p(n). Determine z(-4).
2
Let s be (-1*1)/(18/(-72)). Let r(j) = -5*j**2 + 12*j**2 + 2 - s*j**2 - j**2 - 3*j. Let p be (96/(-15) + 6)/((-1)/5). What is r(p)?
4
Let f(q) = -q**2 - 4*q + 24. Let w(z) = -2*z**3 + 5*z**2 - 10*z + 9. Let n be w(2). Determine f(n).
3
Let t(d) = -2*d + 32. Let m be t(13). Suppose -4*s - 2*c - 2 = -m, -10 = 5*c. Let z(u) = 12 + 6 - 24*u**3 - 2*u**s - 17. Determine z(1).
-25
Let h(f) = 3*f**3 + 2*f**2 - 3. Let k(o) = -5*o**3 - 5*o**2 - o + 7. Let x(a) = 5*h(a) + 2*k(a). Suppose 45*i - 369 = 8631. Let p = 199 - i. Give x(p).
-4
Suppose 4*m + 4*a = -0*a + 1120, 3*a = 0. Let i = m - 276. Let p(w) = w - 5. What is p(i)?
-1
Le